he hundreds digit of x?
6
Let j = 7446 - 3431. What is the tens digit of j?
1
Let w(y) = 16*y - y**3 - 4*y**2 + 587 - 10*y - y**2 - 586. Let b be ((-8)/10)/((-2)/(-20)). What is the tens digit of w(b)?
4
Let y = -52 - -54. Let o(x) = -y*x + 1 - 5 + 1 + x**3 - 4 - x**2. What is the units digit of o(5)?
3
Let f = -233 - -328. What is the units digit of (-6 - f/(-10))*4980/21?
0
Suppose p = 2*n + 5*p + 16, -3*n - 5*p - 24 = 0. What is the hundreds digit of 86*(6/n)/(21/(-56))?
1
Suppose 343*p - 5333931 = 5885599. What is the units digit of p?
0
Let c(s) = -5*s + 39. Let k be c(6). Let o = 29 - k. What is the units digit of (168/10)/(4/o)?
4
Let k = 9193 + -4913. Suppose -4*v - k = -24*v. What is the hundreds digit of v?
2
Let x(g) = 2*g**2 + 16*g - 98. Let k(t) = t**2 + 5*t - 33. Let s(h) = 17*k(h) - 6*x(h). What is the hundreds digit of s(-7)?
3
Let i(s) be the second derivative of 5*s**3/3 + 3*s**2 - s + 31. Let o be 1*(6 + (-2)/(-2)). What is the tens digit of i(o)?
7
Let z(m) = m**3 - 3*m - 1. Let o be z(-2). Let d be 18/21*(-14)/o. What is the tens digit of 1/d + 334/8?
4
What is the units digit of 84/6 + -21 + 3314?
7
What is the hundreds digit of (-5)/(165/(-6)) + 5542678/253?
9
Let u(w) = -2*w + 15. Suppose 2*v + 8 = -5*m + 7*m, 16 = -3*v + 5*m. Let o be u(v). What is the tens digit of (21 - o)/(0 + (-1)/(-92))?
8
Suppose -5*d = -d - 1008. Let c = d - 172. What is the tens digit of (c/12)/(2/3)?
1
Let s(c) = c**2 + 19*c - 43. Let w be s(-21). What is the units digit of 167 - (w/3)/((-3)/(-18))?
9
Let h(s) = -7*s**3 - 4*s**2 - 2*s. Let f be h(-5). Suppose -3816 = -5*x - l, -4*x - 2*l = f - 3833. What is the units digit of x?
4
Suppose -112*s + 48*s + 552712 = -195704. What is the hundreds digit of s?
6
Let z(h) = 241*h + 35836. What is the thousands digit of z(0)?
5
Suppose 2 = 4*m - 10. Suppose 0 = q + m*b - 34, -5*q - 5*b = -193 + 43. Suppose -2*z + q = -z. What is the tens digit of z?
2
Suppose 0 = 2*h + 2*j + 12, 0 = -4*h + 4*j - 15 - 1. Let b(f) = 7*f**2 - 13*f - 30. What is the tens digit of b(h)?
1
Let o = 43 - 34. Let b(x) = -5 + 4 + 4 - o*x. What is the units digit of b(-5)?
8
What is the units digit of -6028*1/(-4 - (-5 + 2))?
8
Suppose 0 = d - 25040 - 15958. What is the tens digit of d?
9
Let d = -4736 + 13572. What is the units digit of d?
6
Suppose 0*i + 3*i = -3*x - 6, 3*x + 2*i = -4. Suppose -3*b - 4*b = x. What is the tens digit of 90 - (4 + b + -8)?
9
Suppose -86 = -3*y + y. Suppose -y*r + 105 = -36*r. Suppose 117 - 1032 = -r*f. What is the units digit of f?
1
Suppose 6*x - 2*x + 28 = j, 4*j + 48 = -4*x. Let a be 54/x + (-3)/(-4). What is the tens digit of 83 + (-2)/a*9?
8
Suppose 6*y = -53 + 17. Let f be 1 + 21/2*4/y. Let j(w) = w**3 + 9*w**2 + 7*w - 3. What is the units digit of j(f)?
3
Suppose -5*q + 179 = -71. Suppose 0*l - 5*l + q = 0. Suppose -l*c + 392 = -6*c. What is the units digit of c?
8
Let l = 10068 - 5867. What is the tens digit of l?
0
Let k = 688 - -1588. What is the hundreds digit of k?
2
Let i(u) = 4095*u - 2354. What is the ten thousands digit of i(9)?
3
Let x(m) = -m**3 + 41*m**2 + 22*m + 214. What is the hundreds digit of x(37)?
5
Suppose -150*b - 800720 = -190*b. What is the ten thousands digit of b?
2
Let x(o) = o**3 - o**2 + 10*o - 8. Suppose 5*t = -2*q - 92, 0*q - 5*q = -5*t - 85. Let a = t + 22. What is the tens digit of x(a)?
8
Let s(r) = 102*r**2 + 5*r - 15. Let t(z) = -12*z + 99. Let y be t(8). What is the units digit of s(y)?
8
Suppose 6*m = 4*p + 5*m - 47322, 0 = p + m - 11823. What is the ten thousands digit of p?
1
Let v = -1762 - -12793. What is the thousands digit of v?
1
Suppose 61758 = 219*m - 201*m. What is the tens digit of m?
3
Let z(u) = u**2 + 17*u - 27. Let p be z(-19). Let c be 129/86*(p/3 - 1). Suppose 4*n - 7*s - 28 = -4*s, -3*s = 2*n + c. What is the units digit of n?
4
Let x(k) = -742*k - 325. What is the thousands digit of x(-3)?
1
Let f = 56 + -33. Suppose 5*g = 33 - f. Let b(x) = 13*x**2 + 3*x - 4. What is the units digit of b(g)?
4
Let i(z) = 449*z**2 - 16*z + 81. What is the tens digit of i(-9)?
9
Let w = -50 - -76. Suppose 0 = w*n - 47*n + 20202. What is the tens digit of n?
6
Suppose -289 = 9*o + 836. Let l = -119 - o. Suppose -l*p + 3168 = 6*p. What is the units digit of p?
4
Let g be 18/(-24)*82*(-2)/(-3). Let u = -21 - g. Suppose 7*c = 17*c - u. What is the units digit of c?
2
Let z(y) = -10*y - 99. Let p be z(-12). Suppose -25*u + p*u + 1624 = 0. What is the units digit of u?
6
Let q be (-7)/(105/25 - 4). Let t = 414 - q. What is the tens digit of t?
4
Let w be 155/(-10) + 2/(-4). Let z be (-3 + -1 + 17)*(w + 0). Let a = -113 - z. What is the units digit of a?
5
Suppose -768*v + 760*v = 19261 - 85341. What is the tens digit of v?
6
Let q = -538 + 1106. Suppose q = 4*z + 24. What is the units digit of (6/2)/((-1)/(z/(-3)))?
6
Suppose -5*z - 86310 = -10*g, 14*z + 43167 = 5*g + 10*z. What is the thousands digit of g?
8
Let z(b) = 3*b**3 + 8*b**2 + 3*b + 15. Let o be z(9). Suppose o = 8*y - 243. What is the units digit of y?
0
Let w = 71254 + -44585. What is the thousands digit of w?
6
Let i(m) = 69*m - 7. Let b(x) = 139*x - 14. Let d(o) = 3*b(o) - 7*i(o). Let u be d(-1). Suppose -s = v - u, 3*v = -s + 4*s - 243. What is the tens digit of s?
7
Suppose 866 = 4*f - 2*z, 1099 = 4*f + f + 3*z. Let d = f - 172. What is the units digit of d?
6
Suppose 3*y - 3*n - 2112 = 0, 5*y + n = -116 + 3588. What is the tens digit of y?
9
Suppose 3*u = -37 + 10. Let k be (-4)/(-6) + (2 - (-6)/u). Suppose -353 = -0*b - 3*b - 5*c, -k*c = 3*b - 341. What is the hundreds digit of b?
1
Let t be 171/114*((-16)/(-3))/2. Suppose t*m + d = -0*m + 3615, 3*d = -3*m + 2718. What is the hundreds digit of m?
9
Suppose 0 = 31*h - 11*h - 4800. Let b = h + 32. What is the hundreds digit of b?
2
Suppose -5*n + 228 = -11*n. Let d(s) = s**3 + 41*s**2 + 91*s + 43. What is the hundreds digit of d(n)?
9
Let a(w) = 15*w**2 - 91*w + 3266. What is the units digit of a(29)?
2
Let t(q) = -108*q - 30. Let w be t(-4). Suppose 7*c - 151 = w. What is the tens digit of c?
7
Suppose -77*c + 116 = -75*c. What is the units digit of (193*1)/(c/232)?
2
What is the units digit of (85528/(-24))/((-3)/27*3)?
1
Let g(t) = 69*t**2 + 42*t + 7. What is the tens digit of g(10)?
2
Let g = 17 + -15. Suppose -3*u - g*i + 191 = -4*i, 5*u - 314 = -i. What is the units digit of u?
3
Let v be (-148455)/(-285) + 4/38. Let z = -291 + v. What is the units digit of z?
0
Let g(q) = -78*q - 88*q + 350 + q**3 + 167*q. What is the tens digit of g(0)?
5
Let r = 497 - 970. Let c = -252 - r. What is the units digit of c?
1
Suppose 48*d + 97*d = 11*d + 2506336. What is the ten thousands digit of d?
1
Let w be 64/(-12)*255/(-20). Suppose 0 = -6*l + 332 - w. Suppose 4*s = 308 - l. What is the units digit of s?
6
Let p be (4 + 91/(-21))*0. Let x(z) = z**3 - 3*z**2 + 4*z + 302. What is the hundreds digit of x(p)?
3
What is the hundreds digit of 36969/3 - ((-92)/18 - (-2)/18)?
3
Let p(q) = q**3 + 115*q**2 + 398*q - 434. What is the tens digit of p(-111)?
7
Let q = -49 + 56. Suppose -738 = -q*l + 1173. Let y = l + -136. What is the units digit of y?
7
Suppose 13*h + 5*h = 306. Let x(q) be the first derivative of -q**3/3 + 11*q**2 - 38*q + 1. What is the units digit of x(h)?
7
Let y(x) = 15*x - 87. Let h be y(6). Suppose -11 = -3*q - 8, -2*o = -h*q - 27. What is the tens digit of o?
1
Let b = -359 + 374. Suppose -b*l + 6716 = 671. What is the units digit of l?
3
Suppose -18*w + 33093 = -40905. What is the hundreds digit of w?
1
Suppose -5509 - 6936 = -3*a + 4*p, 4 = -p. What is the tens digit of a?
4
Suppose -623 = 2*y - 3*x + 108, 2*y + 2*x + 706 = 0. Let c = y + 461. What is the tens digit of c?
0
Suppose -42*q - 14*q + 161672 = 0. Suppose 4*a - q = -3*k, -2*a - 1906 = -73*k + 71*k. What is the tens digit of k?
5
Let q(r) = -r**3 - 8*r**2 - r + 15084. What is the ten thousands digit of q(0)?
1
Let s(a) = a**3 + 72*a**2 + 20*a - 1534. What is the tens digit of s(-70)?
6
Let h = 278 - 198. Let j = h - -233. What is the tens digit of j?
1
Let h(l) = -l**2 - 15*l - 51. Let o be h(-17). Let j = o - -276. What is the units digit of j?
1
Let t be -10 + 10 + (-7)/((-7)/460). Let l = t + -302. What is the tens digit of l?
5
Let n(q) = -4*q**2 + 134*q + 38. Let